t is the highest common divisor of 24 and s?
24
Let l be 135/20 + -7 - 450/(-8). Calculate the greatest common factor of l and 476.
28
Suppose -3*i - 5*b - 225 = 0, 2*b - 335 = 5*i - 3*b. Let o be (-14)/i - (-38)/10. Calculate the greatest common factor of o and 44.
4
Let m be 96/4 - (5 - (-6)/(-6)). Calculate the greatest common divisor of 430 and m.
10
Let r(x) = -5*x - 9 + 8*x + 16 + 8. Let t be r(6). Calculate the greatest common factor of 22 and t.
11
Let y = 11 - -1. Calculate the highest common divisor of 168 and y.
12
Let r(t) = t + 54. Let f be r(0). Suppose -9*s - 2 = -10*s. Let o be (-12)/(-40)*-12*(-20)/s. Calculate the greatest common factor of f and o.
18
Let z be 3045/168 - (-1)/(-16)*2. Suppose 0*g - 3*g = -801. Let f = g + -141. What is the highest common divisor of f and z?
18
Let b(s) = -5*s - 37. Let q be b(-13). What is the greatest common factor of q and 21?
7
Suppose -5*p + 13 = -897. Calculate the greatest common divisor of p and 14.
14
Let t(c) = c**3 + 4*c**2 - 13*c + 7. Let v be t(7). What is the highest common divisor of 637 and v?
91
Let k be -2 + -1 + (-6 - -14). Suppose 2*f + 3*f - 373 = 4*g, 4*f = k*g + 293. What is the greatest common divisor of f and 7?
7
Let p be (-12)/30 - 804/(-10). Suppose -12*a = -9*a - 30. What is the highest common factor of p and a?
10
Suppose -4*o + 0*o + 60 = 0. Let x = 32 - o. Let y be ((-136)/(-4))/(3 - -5 - 6). What is the highest common factor of y and x?
17
Let t be 14/(12/(-630)*-7). Suppose f + 75 = 4*f. Let z = -10 + f. Calculate the highest common factor of z and t.
15
Let h be -5 - (-132 + (1 + 7)*-1). Calculate the greatest common factor of h and 72.
9
Let b(p) be the second derivative of -11/12*p**4 + 1/20*p**5 + 0 + 2*p**3 - 5*p**2 - 4*p. Let c be b(10). Calculate the greatest common divisor of 15 and c.
5
Let g(p) = -4*p**3 - 12*p**2 - 4. Let m be g(-5). Calculate the highest common divisor of m and 7.
7
Let s = -280 + 404. Calculate the highest common divisor of s and 310.
62
Let r(c) = c - 4. Let g be r(8). Let z(s) = 4*s - g - s + 1. Let b be z(9). What is the greatest common divisor of b and 24?
24
Let v = -404 - -692. Calculate the highest common divisor of v and 252.
36
Let q(w) = -w**3 - 11*w**2 - 19*w + 8. Let j be q(-9). What is the highest common factor of 221 and j?
17
Let k = -487 + 502. What is the highest common divisor of k and 540?
15
Let c be 125/(-5) - 0 - 1. Let f be (-13)/c*420/2. Let j = 48 + -33. What is the highest common divisor of f and j?
15
Suppose -k - 1442 = -5*u, u + 5*k - 10*k - 274 = 0. Calculate the greatest common factor of u and 17.
17
Let i(x) = 3*x - 87. Let j be i(53). Calculate the highest common factor of j and 232.
8
Suppose -9*l = -135 - 1089. Let w = 43 - 26. What is the highest common factor of w and l?
17
Let s be (-4)/(-14) - 330/(-21). Suppose 399 = 2*c - 5*w, -3*c + 8*c = 2*w + 987. Suppose -2*a = 37 - c. What is the highest common factor of a and s?
16
Let o(s) = -23*s - 5. Let f be o(5). Let v = f - -426. Let z be ((-5)/2)/(8085/1020 - 8). Calculate the greatest common factor of z and v.
34
Let h be ((-60)/(-40))/(1/34). Calculate the greatest common divisor of h and 1258.
17
Suppose -2*u + y + 10 = 0, 5*y - 149 = -4*u - 157. What is the highest common divisor of 168 and u?
3
Let j(s) = 2*s - 9. Let n be j(7). Calculate the greatest common divisor of 25 and n.
5
Suppose -124 - 97 = -4*f - 5*y, -2*f = 5*y - 113. What is the greatest common divisor of f and 2?
2
Let n(j) = -39*j. Let o be n(-1). Let d = -20 + o. Suppose 798 = 5*u - 57. Calculate the highest common divisor of u and d.
19
Let z = 2416 - 1314. What is the greatest common factor of 58 and z?
58
Let l = 7 - -7. Let q(d) = -2*d**3 - 32*d**2 + d + 44. Let r be q(-16). What is the highest common factor of l and r?
14
Let p = -299 - -309. What is the highest common divisor of p and 410?
10
Let b = 39 + -35. Suppose -3*k + 302 + 42 = -b*l, -k + 3*l + 108 = 0. Calculate the highest common divisor of 24 and k.
24
Suppose 4*g - 20 = 0, -3*g + 9 = -4*d + 2*d. Suppose 5*b + d*h = 114, h + 3*h = 4*b - 104. What is the greatest common divisor of 60 and b?
12
Let w be 2/(-2) - -2 - -78. Suppose 4*d - w + 27 = 0. Let z = -867 - -880. What is the greatest common divisor of z and d?
13
Let a(p) = -p**2 - 3*p. Let g be a(-2). Suppose -o = 4*c - 58, 0*o - 18 = -c - g*o. Calculate the greatest common factor of 70 and c.
14
Let y(t) = t**3 + 2*t**2 + 9. Let f be y(-3). Let l be (f - -3)/1*14/6. What is the highest common factor of l and 7?
7
Suppose -1680*t = -1677*t - 888. What is the highest common divisor of t and 4?
4
Let z(x) = x**2 - 29*x + 33. Let u be z(44). What is the highest common divisor of 42 and u?
21
Suppose 0 = k - 2*k - 4*s - 8, 4 = k - 2*s. Suppose 14*n - 11*n - 630 = k. Calculate the greatest common factor of 42 and n.
42
Suppose -2 = -d - 21. Let t(i) = -4*i + 34. Let a be t(d). What is the greatest common divisor of 10 and a?
10
Let d(g) = 4*g**2 + 104*g + 60. Let p be d(-28). What is the greatest common factor of p and 355?
71
Let b = -1 - -11. Let w be (1/(2/b))/1. Let h(p) = 5*p + 5. Let f be h(4). Calculate the highest common divisor of w and f.
5
Suppose 4*q - 50 - 14 = 0. Let y(r) = r**3 - 16*r**2 - r + 32. Let g be y(q). Calculate the greatest common factor of 48 and g.
16
Let b be ((-138)/(-12))/(1/2). Suppose -4*p - 50 = -5*z, 34 + 32 = -4*p - 3*z. Let r = b + p. Calculate the greatest common divisor of 1 and r.
1
Let a be ((-56 + 58)/(2/160))/1. Calculate the highest common divisor of a and 880.
80
Suppose -5*v + v + 5*j + 97 = 0, -4*v + 2*j + 82 = 0. Let k = v + 8. Calculate the greatest common divisor of k and 104.
26
Let y be 3/(-6) + 1923/6 + 9. What is the highest common divisor of 235 and y?
47
Let g be -2 - 2/(4/(-70)). Let h be (39 + -4)/5 - 2. Suppose 2*f - 14 = h*y + 12, 2*f = y + 10. Calculate the greatest common divisor of g and f.
3
Suppose 14 = 4*x + 18. Let f(p) = 56*p**2 + p + 1. Let l be f(x). Calculate the greatest common divisor of 14 and l.
14
Suppose -2*c - 5 = -3*c. Let n be (c - -1) + -1 + -1. Suppose -32 = -n*w - 0*w. What is the highest common factor of w and 8?
8
Let u = 25 + -46. Let s = -11 - u. Let t be (2 - -1) + (0 - -47). Calculate the highest common divisor of t and s.
10
Suppose -4 = -3*z + 2. Let b(x) = 12*x - 13. Let r be b(z). What is the greatest common factor of r and 44?
11
Let b = 82 - -18. Suppose s + b = -s. Let k be -3 - ((s - -2) + -1). Calculate the greatest common divisor of k and 23.
23
Let q = 908 - 790. Calculate the highest common factor of q and 8.
2
Suppose 1 - 5 = 2*h. Let l be (-1)/(-3)*(h + 11). Suppose -3*w + 3*j = -7*w + 369, 207 = 2*w - l*j. Calculate the greatest common divisor of 12 and w.
12
Let t = -778 + 791. Let q = 48 + 56. What is the greatest common divisor of q and t?
13
Let b be (-6)/((-10 - -11) + 26/(-22)). Calculate the highest common divisor of b and 9.
3
Let z be -1 - -2 - 1 - -61. Let v = z - 43. What is the highest common divisor of 2 and v?
2
Suppose 5*z + 5*q = 180, 0*z = -z + 4*q + 56. Let s be -1 + -21*(-3 + 2). Calculate the greatest common divisor of z and s.
20
Let s(o) = -2*o**2 + 115*o + 21. Let h be s(57). Calculate the highest common divisor of 598 and h.
26
Suppose -7*h = -6*h - 128. Suppose r = -r + h. What is the highest common divisor of 8 and r?
8
Let g = 26 - 27. Let c(h) = -62*h**3 - 3*h - 2. Let p be c(g). What is the greatest common divisor of p and 9?
9
Suppose -16*r - 26*r + 462 = 0. Calculate the highest common factor of r and 77.
11
Suppose 57*r = 13405 + 11219. What is the greatest common factor of r and 54?
54
Let r be 3 - -4 - (1 - 2). Let a = r + -2. Let u be 0 + -1 - (-215)/5. What is the greatest common factor of a and u?
6
Suppose 0 = 4*n + 97 - 397. Suppose v - 5*v - x = -400, 0 = -3*x. Suppose b + 3*b = v. Calculate the highest common divisor of n and b.
25
Let v be -3*(-426)/81 - 32/(-144). Suppose -12 = 2*s - 5*s. Calculate the greatest common factor of v and s.
4
Let g = -742 + 759. Suppose 0 = -4*w + 12, w + 337 = 6*h - 2*h. What is the greatest common factor of h and g?
17
Let z be (0 - 5)*(-42 + 31). What is the greatest common factor of z and 550?
55
Let q(v) = -4*v**3 - 45*v + 3 - v**2 - 2*v**3 + 46*v + 2*v**3. Let w be q(-2). W